n 1329 is divided by 74.
71
What is the remainder when 1391 is divided by 116?
115
What is the remainder when 103 is divided by 21?
19
Calculate the remainder when 243 is divided by 242.
1
What is the remainder when 357 is divided by 15?
12
Calculate the remainder when 691 is divided by 140.
131
What is the remainder when 3557 is divided by 40?
37
What is the remainder when 81 is divided by 29?
23
Calculate the remainder when 926 is divided by 157.
141
What is the remainder when 85 is divided by 29?
27
Calculate the remainder when 669 is divided by 214.
27
What is the remainder when 491 is divided by 33?
29
Calculate the remainder when 2067 is divided by 51.
27
What is the remainder when 777 is divided by 12?
9
Calculate the remainder when 8419 is divided by 52.
47
Calculate the remainder when 664 is divided by 633.
31
What is the remainder when 3275 is divided by 234?
233
What is the remainder when 643 is divided by 186?
85
Calculate the remainder when 1803 is divided by 44.
43
Calculate the remainder when 46 is divided by 38.
8
Calculate the remainder when 1618 is divided by 65.
58
What is the remainder when 483 is divided by 153?
24
Calculate the remainder when 716 is divided by 18.
14
Calculate the remainder when 524 is divided by 21.
20
Calculate the remainder when 239 is divided by 151.
88
Calculate the remainder when 221 is divided by 15.
11
What is the remainder when 866 is divided by 79?
76
Calculate the remainder when 215 is divided by 211.
4
What is the remainder when 521 is divided by 105?
101
Calculate the remainder when 45 is divided by 22.
1
What is the remainder when 28 is divided by 11?
6
What is the remainder when 520 is divided by 29?
27
Calculate the remainder when 89 is divided by 5.
4
Calculate the remainder when 3525 is divided by 196.
193
What is the remainder when 192 is divided by 4?
0
What is the remainder when 394 is divided by 66?
64
What is the remainder when 105 is divided by 27?
24
Calculate the remainder when 1910 is divided by 91.
90
What is the remainder when 701 is divided by 87?
5
What is the remainder when 579 is divided by 40?
19
Calculate the remainder when 297 is divided by 15.
12
What is the remainder when 593 is divided by 18?
17
Calculate the remainder when 1442 is divided by 91.
77
What is the remainder when 2257 is divided by 78?
73
Calculate the remainder when 685 is divided by 46.
41
Calculate the remainder when 2063 is divided by 185.
28
Calculate the remainder when 233 is divided by 17.
12
What is the remainder when 334 is divided by 28?
26
What is the remainder when 398 is divided by 37?
28
What is the remainder when 52 is divided by 10?
2
What is the remainder when 1784 is divided by 47?
45
Calculate the remainder when 229 is divided by 59.
52
What is the remainder when 75 is divided by 29?
17
Calculate the remainder when 905 is divided by 67.
34
Calculate the remainder when 1590 is divided by 59.
56
Calculate the remainder when 155 is divided by 16.
11
Calculate the remainder when 466 is divided by 13.
11
Calculate the remainder when 100 is divided by 49.
2
What is the remainder when 299 is divided by 20?
19
What is the remainder when 11839 is divided by 8?
7
What is the remainder when 338 is divided by 69?
62
What is the remainder when 463 is divided by 78?
73
Calculate the remainder when 202 is divided by 118.
84
What is the remainder when 165 is divided by 78?
9
What is the remainder when 3885 is divided by 36?
33
What is the remainder when 237 is divided by 40?
37
Calculate the remainder when 133 is divided by 5.
3
Calculate the remainder when 316 is divided by 81.
73
What is the remainder when 969 is divided by 192?
9
What is the remainder when 812 is divided by 38?
14
What is the remainder when 200 is divided by 52?
44
What is the remainder when 1862 is divided by 78?
68
What is the remainder when 56099 is divided by 425?
424
What is the remainder when 99 is divided by 21?
15
Calculate the remainder when 256 is divided by 60.
16
What is the remainder when 43 is divided by 8?
3
Calculate the remainder when 137 is divided by 4.
1
What is the remainder when 1412 is divided by 299?
216
Calculate the remainder when 5490 is divided by 220.
210
What is the remainder when 475 is divided by 80?
75
What is the remainder when 1272 is divided by 389?
105
What is the remainder when 159 is divided by 32?
31
Calculate the remainder when 91 is divided by 25.
16
What is the remainder when 656 is divided by 116?
76
Calculate the remainder when 202 is divided by 72.
58
Calculate the remainder when 635 is divided by 29.
26
What is the remainder when 1103 is divided by 367?
2
What is the remainder when 368 is divided by 45?
8
Calculate the remainder when 238 is divided by 19.
10
What is the remainder when 186 is divided by 64?
58
What is the remainder when 219 is divided by 22?
21
What is the remainder when 164 is divided by 5?
4
What is the remainder when 65 is divided by 10?
5
Calculate the remainder when 2686 is divided by 56.
54
What is the remainder when 31 is divided by 17?
14
Calculate the remainder when 151 is divided by 147.
4
Calculate the remainder when 334 is divided by 40.
14
Calculate the remainder when 10381 is divided by 53.
46
Calculate the remainder when 200 is divided by 63.
11
Calculate the remainder when 855 is divided by 103.
31
What is the remainder when 793 is divided by 88?
1
What is the remainder when 2037 is divided by 102?
99
Calculate the remainder when 219 is divided by 54.
3
What is the remainder when 74 is divided by 38?
36
Calculate the remainder when 4898 is divided by 98.
96
Calculate the remainder when 2043 is divided by 206.
189
Calculate the remainder when 190 is divided by 6.
4
What is the remainder when 206 is divided by 121?
85
What is the remainder when 67 is divided by 15?
7
What is the remainder when 398 is divided by 101?
95
What is the remainder when 26 is divided by 3?
2
Calculate the remainder when 919 is divided by 33.
28
What is the remainder when 115 is divided by 74?
41
What is the remainder when 455 is divided by 12?
11
What is the remainder when 6 is divided by 2?
0
What is the remainder when 183 is divided by 42?
15
What is the remainder when 6879 is divided by 186?
183
What is the remainder when 1305 is divided by 77?
73
Calculate the remainder when 59 is divided by 12.
11
What is the remainder when 112 is divided by 38?
36
Calculate the remainder when 307 is divided by 265.
42
What is the remainder when 344 is divided by 14?
8
What is the remainder when 210 is divided by 12?
6
What is the remainder when 1502 is divided by 15?
2
What is the remainder when 1346 is divided by 26?
20
What is the remainder when 865 is divided by 210?
25
Calculate the remainder when 7869 is divided by 32.
29
Calculate the remainder when 2859 is divided by 110.
109
Calculate the remainder when 203 is divided by 1.
0
What is the remainder when 886 is divided by 81?
76
Calculate the remainder when 15 is divided by 2.
1
What is the remainder when 310 is divided by 29?
20
Calculate the remainder when 1966 is divided by 1959.
7
Calculate the remainder when 14878 is divided by 24.
22
What is the remainder when 66 is divided by 28?
10
What is the remainder when 93 is divided by 33?
27
What is the remainder when 1678 is divided by 51?
46
What is the remainder when 1797 is divided by 73?
45
Calculate the remainder when 3299 is divided by 22.
21
What is the remainder when 1205 is divided by 201?
200
What is the remainder when 704 is divided by 59?
55
What is the remainder when 510 is divided by 168?
6
Calculate the remainder when 105 is divided by 23.
13
What is the remainder when 2538 is divided by 127?
125
Calculate the remainder when 62 is divided by 48.
14
Calculate the remainder when 3177 is divided by 42.
27
Calculate the remainder when 48 is divided by 25.
23
Calculate the remainder when 52 is divided by 22.
8
Calculate the remainder when 443 is divided by 38.
25
Calculate the remainder when 2337 is divided by 15.
12
Calculate the remainder when 339 is divided by 34.
33
Calculate the remainder when 525 is divided by 77.
63
What is the remainder when 3213 is divided by 201?
198
What is the remainder when 644 is divided by 10?
4
What is the remainder when 795 is divided by 